-4 + (-1 - 0)?
1
4 + 1 - (5 - -1)
-1
Calculate -3 + 6 + (-5 + -2 - -10).
6
What is the value of (17 - 13) + -8 - (1 - 1)?
-4
What is the value of (2 - 9) + 3 + (-4 - -5)?
-3
What is 3 + (-4 - (4 - (16 + -7)))?
4
What is the value of (-18 - -14) + 13 + -2?
7
3 + -2 + 2 + 1
4
Evaluate -3 - (5 + (-7 - 1)).
0
What is the value of -2 - 0 - (-13 + 15)?
-4
6 + -4 + -6 + 9
5
What is 62 - 60 - (1 - -2) - 4?
-5
What is (-5 + 4 - -4) + -6?
-3
Calculate (-4 - -12 - 5) + -5.
-2
What is the value of (-10 - (-12 + 3)) + (5 - 7)?
-3
Calculate -4 + 0 + 8 - 0 - 8.
-4
0 + (-9 - 0) - (-36 + 32)
-5
Evaluate 1 + 1 - (-41 - -48).
-5
Evaluate -4 - (-4 + 1 - (14 - 10)).
3
-7 + 2 + 5 - 0
0
Evaluate 12 + -3 - (3 + 2).
4
Calculate (-4 + 0 + 0 - -4) + 1.
1
What is the value of 2 + 5 + (-2 - 6)?
-1
Calculate 3 + -5 + -1 + -2.
-5
What is the value of -5 + -4 + 6 + 0?
-3
(-2 + 2 + -2 - -1) + -2
-3
Evaluate 18 + -15 + -11 + (-1 - -9).
0
Evaluate -1 + (0 - 0 - 2) - -4.
1
Calculate -4 + (1 - 1) + 1.
-3
Evaluate -5 - (-5 + (-1 - -7)).
-6
What is the value of (-11 + 9 - -7) + -9?
-4
Calculate 1 - (3 + -1) - 0.
-1
Calculate 0 + 4 - (-1 - -5).
0
Calculate (-79 - -90) + (-22 - 0).
-11
What is -6 - (-6 + -8 + -5 + 7)?
6
What is the value of (0 - (1 + 1 + 0)) + 6?
4
What is -3 - (-4 + 3 + (-3 - -3))?
-2
What is the value of -20 + 42 - 27 - (0 + 3)?
-8
What is (-1 + 0 - 1) + -3 + 0?
-5
9 + -5 + (-8 - -11)
7
4 + (-1 - -7 - 7)
3
-5 + 3 - (-3 + 10 - 16)
7
Calculate 2 - (6 + -4 + 3).
-3
-1 - -2 - (-4 - (3 + -11))
-3
Calculate (1 - -2 - 0) + 3 + -1.
5
Evaluate 1 - ((3 - 1) + -1 - -2).
-2
What is the value of (0 - (-1 - -6)) + -87 + 88?
-4
-5 - -24 - (16 + -9) - 6
6
What is the value of -4 - (5 - 9) - (-5 + 5)?
0
(-3 - -3 - (1 - 0)) + -4
-5
3 + 2 + -12 + 4
-3
Evaluate 6 - (1 + (-3 - -3 - -2)).
3
Evaluate 1 + 0 + 1 + 0.
2
-4 + 1 + 6 + -3 + -1
-1
What is the value of 2 - (4 + -1) - 3?
-4
What is the value of -9 + -8 + 18 + (1 - -1)?
3
Calculate -4 + (10 - (12 - 6)).
0
What is 25 - 29 - (1 + -1)?
-4
Calculate (3 - -4) + 2 - (3 + 3).
3
What is the value of 2 - ((0 - -6) + -7)?
3
What is the value of 1 + 5 - (-30 - -34)?
2
8 - (14 + -14) - (-2 + 0)
10
Calculate 9 - (5 + 6 + 0 - 7).
5
-4 + 0 - 2 - (-27 + 22)
-1
Evaluate 14 + -12 - (3 + 1).
-2
What is the value of (-1 - (-5 - -2) - 7) + 2?
-3
What is -16 + (-3 - (-6 - 7))?
-6
Evaluate 14 + 0 - (3 + -21 + 23).
9
What is (4 - 3) + 4 + -1 + -7?
-3
What is (-3 + 1 - (-16 - -13)) + -1?
0
What is 2 + (4 - (1 - -3) - 2)?
0
What is the value of -8 + 8 + -6 + 0?
-6
Calculate 4 - ((-4 - -5) + 0 + 3).
0
What is the value of 3 + -3 - 9 - (-14 - -9)?
-4
What is -3 - (-4 - (-6 + 2))?
-3
5 + (-3 - 5) + 2
-1
Evaluate (-1 - 0) + -1 + 2.
0
Calculate -3 + (8 - 4) + -3.
-2
What is the value of -2 + 1 + (-1 - 6 - -9)?
1
Evaluate (-2 - 1) + 22 + -19.
0
What is the value of -4 + 18 + 3 - 11?
6
What is the value of 3 - ((-11 - -24) + 0)?
-10
What is the value of 14 - (-7 - -4 - -14)?
3
What is the value of 1 - -2 - 2 - (-16 - -13)?
4
Evaluate 8 - (1 + -7 - (49 + -60)).
3
What is the value of 5 + (-12 - -8) - 5?
-4
Evaluate -2 + 6 + 7 + -5 + -11.
-5
Calculate -10 - (-1 + (-2 - 1)).
-6
Calculate -8 - (-6 - (0 + -3)).
-5
(2 - 0 - -2) + -1 + -2
1
What is -30 + 40 + (1 - 3)?
8
Evaluate (5 - (-14 + 11)) + -10.
-2
(-11 - -4 - 0) + 7 - 8
-8
What is 0 + (0 - -2) + -1?
1
What is the value of (4 - -1 - 2) + 0?
3
Evaluate -6 - (5 + -6 + 0).
-5
What is -3 + (2 - -2) + -1 + -1?
-1
Evaluate 84 + -92 - (1 - (-2 - -10)).
-1
Evaluate (-32 - -43 - (6 + 2)) + 1.
4
What is the value of -2 - 2 - (-7 - -8)?
-5
What is -1 + (-9 - (-2 - 4))?
-4
Calculate 20 + -16 + (1 - -2).
7
Calculate -25 + 16 + -2 + 8.
-3
Calculate (5 - 0) + 149 + -145.
9
Evaluate (-2 - (6 + (1 - 5))) + 4.
0
Calculate -3 - (-1 - (-1 + 5)).
2
Calculate 231 + -234 + (0 - 3).
-6
What is the value of -2 + -3 + (-3 - -2 - -4)?
-2
Calculate -2 + (8 - 9) + (3 - 1).
-1
What is the value of (-20 - -9) + 11 - -9?
9
-6 + (-2 + 2 + -3 - -5)
-4
Evaluate -5 - (-13 - (2 - 6)).
4
Evaluate 6 + -3 + -1 + -2 + -4.
-4
What is the value of -2 + -6 + 0 + 5?
-3
What is the value of 4 + (-5 - 1) - -4?
2
What is 0 + (-1 - -2) - (4 + 1)?
-4
What is -1 + (6 + -3 - 3) - 1?
-2
Evaluate 1 - (0 + -6 + 2).
5
Calculate 6 - (6 - (8 + -4)).
4
What is 7 + -1 + 19 + -10 + -10?
5
Calculate (3 - (0 + 9)) + 1.
-5
Calculate (1 - -1) + -3 + -5.
-6
Evaluate -2 + -3 + 5 - 5.
-5
Evaluate (5 - (-1 + 5 - 3)) + -4.
0
Evaluate 2 - ((2 - (6 + -4)) + 1).
1
8 - (-4 - -3 - -6)
3
(2 - -1 - (0 - 1)) + -2
2
Evaluate 3 + 0 + (13 - 18).
-2
What is the value of -11 + 12 + (2 - 3)?
0
What is the value of -3 + 1 + (5 - 0 - 3)?
0
What is -6 + (11 - 5) - (0 + 5)?
-5
What is -1 - (2 - -2 - 0 - 1)?
-4
Calculate -4 + -1 + 7 + 2.
4
10 - (4 + (-5 + 6 - -1))
4
3 - ((-20 - -26) + -1 + 3)
-5
What is 0 - 9 - (-124 - -120)?
-5
Calculate 4 + -5 + 3 + 7 + -8.
1
What is the value of 5 - (4 + -2 + 1 - 2)?
4
What is 3 + -11 + 9 + (-10 - -2)?
-7
Evaluate (2 - (5 - 2) - -4) + -5.
-2
Calculate (-1 - -1) + 2 + 4 + -2.
4
What is the value of 2 - (3 + -1 + 2)?
-2
What is (-2 - (-4 - -3)) + (3 - 2)?
0
What is the value of -1 + 3 + 1 - (4 - 7)?
6
What is 12 + -13 + 1 + 3?
3
What is -11 + 1 + (-10 - (-13 + -4))?
-3
Calculate 6 + (-3 - (6 - 6)).
3
Calculate 0 + -1 + -13 + (11 - 3).
-6
Calculate 6 - (3 + (1 - -1)).
1
What is (-2 - (1 + 5)) + (3 - -1)?
-4
-10 + (-8 + 11 - (-1 + -1))
-5
What is -4 + 4 + -3 + 7?
4
What is the value of -5 + (-8 - -18) + -3?
2
-1 + -1 + (-1 + 4 - 5)
-4
-5 + 0 - 0 - -5
0
What is -8 + 0 + (-5 - -3 - -2)?
-8
What is the value of 22 + -4 + 2 + -12?
8
Evaluate 5 - ((-1 - -7) + (-1 - -2)).
-2
Calculate -5 - (10 + (-17 - -5)).
-3
What is -10 - (10 + (5 - 18))?
-7
Calculate -9 - (11 - (15 - -4)).
-1
-18 + 2 + 17 + -9
-8
Calculate (7 - 2) + (-7 - 8) + 3.
-7
Calculate 1 - 1 - (4 + (-1 - 8)).
5
What is the value of (-4 - -6) + 0 + 4 + -4?
2
Calculate (40 - 36) + -1 + -5.
-2
(1 + (-7 - 0) - -4) + 1
-1
(-28 - -15) + 10 + -2 + -3
-8
What is the value of -5 + (3 - -5) - (-1 + 0)?
4
Evaluate 0 - (-4 - (-2 - (-1 + 1))).
2
Evaluate 2 + -8 + 1 + (4 - 1).
-2
Calculate 6 + (24 + -10 - 25).
-5
Calculate -16 + 8 - (-2 - 3).
-3
What is -9 - (-20 - -9) - (3 + -1)?
0
3 - -6 - 5 - 0
4
What is the value of (9 - 4) + (2 - 2)?
5
8 + 5 + -14 - -8
7
(1 - -2) + 23 + -28
-2
What is the value of (2 - (-2 - -2)) + -6 + 0?
-4
Calculate 9 - (-3 + 6 - -3).
3
Calculate 6 - (0 - -2 - (6 - 4)).
6
Evaluate -3 - (-2 - (2 + -1 - 1)).
-1
What is the value of (0 - 1) + 5 + 4 + -9?
-1
Calculate (-3 - -9 - 2 - 6) + -4.
-6
What is the value of 1 + 1 + -4 + 2 + 5?
5
Evaluate -6 - (7 + -9 + -4).
0
What is the value of -2 + 0 - (-14 - (-21 + 9))?
0
What is the value of 2 + -1 - (15 - (-14 + 27))?
-1
Evaluate 3 - (4 + 0 - (-19 + 23)).
3
(-2 + 2 - 1) + -2
-3
Calculate 4 - 7 - (4 - 2).
-5
Calculate -3 - 4 - (-3 + 0) - 0.
-4
-1 + (58 - 60) + (-3 - 1)
-7
Evaluate 28 + -26 + (1 - 8).
-5
7 + (5 + -8 - -1)
5
What is the value of (2 - 4) + 8 - 1?
5
What is the value of -2 + 1 + (-4 - (1 + -7))?
1
Evaluate 1 + 1 + (1 - (5 - 6)).
4
What is the value of -2 + (-14 - (-11 - (-3 - 2)))?
-10
(-6 + 4 - (0 - 2)) + -4
-4
What is (0 + -5 - 0) + 6 + -4?
-3
(4 - 12 - -4 - -1) + 0
-3
-2 + 5 + -2 - (1 - 0)
0
-4 + -5 + 5 + -1
-5
Evaluate 6 - 12 - (-4 + 0 + 5).
-7
What is the value of -12 + (-1 - -5) - (-7 + 1)?
-2
Evaluate 3 + -8 + (2 - -1 - 3).
-5
Calculate -1 - (0 - (0 + 0 + -3)).
-4
What is the value of -5 + (-5 - (-5 + 7) - -6)?
-6
4 + 4 + -2 + -8
-2
-2 + (2 - (-4 - 2))
6
What is the value of -10 + (0 - -9) + 10?
9
Calculate -23 - -19 - (0 + 0).
-4
What is -3 + 7 + -2 + 2?
4
What is the value of -5 + (4 - 5) + 11?
5
What is 0 + -5 + 14 + -16 + 2?
-5
What is the value of (11 - (3 - -2)) + -6?
0
Evaluate (-2 + -2 - 0) + -2 - -3.
-3
-7 - (-26 - -4) - 9
6
What is 1 - -2 - (-3 - 2 - -7)?
1
What is (-4 - 2 - -5) + (1 - 0)?
0
-57 + 54 - (-1 - -1)
-3
Calculate (10 + -7 - -6 - 7) + 0.
2
What is 5 + -4 + -1 + 3?
3
What is 1 + -6 - -12 - 3 - 3?
1
Evaluate -2 + -2 + 2 + -2.
-4
What is the value of -9 - -1 - (-27 + 22)?
-3
Evaluate 8 + (-5 + -7 - 0).
-4
-2 + 0 + (17 - 20)
-5
What is -5 - (-1 + 0) - -8 - 10?
-6
(14 + -5 - (8 - 3)) + -3
1
What is the value of (-4 - -4) + 6 + (-7 - 3)?
-4
What is -3 - (-2 + 1 - (0 + 4))?
2
Evaluate 4 + 3 + 1 + -10.
-2
Evaluate (8 - -3)